{"id":993,"date":"2020-01-11T14:17:20","date_gmt":"2020-01-11T13:17:20","guid":{"rendered":"http:\/\/teamll-groenland.de\/?page_id=993"},"modified":"2025-11-11T00:46:54","modified_gmt":"2025-11-10T23:46:54","slug":"hujambo-habari-kurzbericht-der-reise-2019-zur-spendenverteilung-im-ostkongo-dr-kongo","status":"publish","type":"page","link":"https:\/\/teamll-groenland.de\/?page_id=993","title":{"rendered":"\u201eHujambo Habari\u201c \u2013 Kurzbericht der Reise 2019 zur Spendenverteilung im Ostkongo\/ DR Kongo"},"content":{"rendered":"\nngg_shortcode_0_placeholder\n\n\n\n<p>Im September 2019 haben wir uns f\u00fcr unser Projekt &#8222;Hujambo Habari&#8220; wieder auf den Weg in die Provinz S\u00fcd-Kivu im Osten der DR Kongo gemacht. Dieses Mal zu viert &#8211; Tine, J\u00f6rg, &#8222;Prof. Dr.&#8220; Uwe der Mechaniker f\u00fcr alle Probleme und Regina &#8222;Fischi&#8220;, eine n\u00e4hende, kreative Lehrerin. Mit ihrer Unterst\u00fctzung wollten wir unser geplantes N\u00e4hmaschinen-Ausbildungsprojekt in Zusammenarbeit mit unserem Partner vor Ort dem I.S.T.D. Kalehe initiieren. Hierzu hatten wir per Luftfracht wieder vorab mehrere gro\u00dfe Kisten mit den N\u00e4hmaschinen und nat\u00fcrlich auch Schulmaterialien versandt.<br>Mit dem Transport hat altbew\u00e4hrt alles gut geklappt und die Kisten waren p\u00fcnktlich zu unserer Ankunft in Bukavu eingetroffen.<br>Wir erlebten eine intensive und beeindruckende Woche in Kalehe. Seit unserem letzten Besuch hat sich in der kleinen Stadt, im Institut  I.S.T.D. und umliegenden Kommunen viel getan. Die Schulen und die Kommunen arbeiten zusammen und es gibt mittlerweile von den Menschen selbst verwaltete Organisationen bzw. so eine Art Vereine. W\u00e4hrend unseren Besuchs in einigen Schulen waren wir auch in einer kleinen Art Ausbildungsst\u00e4tte f\u00fcr N\u00e4her und Tischler.<br>Das I.S.T.D. Kalehe hat in Vorbereitung unseres Besuches einheimische N\u00e4her aus den umliegenden D\u00f6rfern &#8222;angeworben&#8220;, die bei dem Ausbildungsprojekt mitwirken sollen. Mit ihnen konnten wir nach erfolgreichem Aufbau der N\u00e4hmaschinen &#8211; Uwe und J\u00f6rg sei Dank! &#8211; die Organisation und Inhalte der N\u00e4hkurse vorbereiten. Im Oktober ist im   I.S.T.D. dann der erste N\u00e4hkurs mit 20 Sch\u00fclern gestartet.<br>Diese hoffnungsvolle Entwicklung ist zu gro\u00dfen Anteil durch unsere besonderen Freunde am I.S.T.D. m\u00f6glich geworden.<br>Die Menschen in Kalehe leben allerdings immer noch unter unter sehr, sehr einfachen Verh\u00e4ltnissen. Wenn man vieles nicht mit eigenen Augen gesehen hat, glaubt man es kaum. Die Menschen haben hier oft nichts und die Kinder erfreuen sich an den einfachsten Dingen. Sehr viel Lebensfreude gewinnen die Menschen im Kongo durch die Musik. Die Studenten im Institut haben&nbsp;uns sogar einen&nbsp;pers\u00f6nlichen Song komponiert.<br>Eines der gr\u00f6\u00dften Probleme im Kongo sind die vielen Kinder, die nicht versorgt werden k\u00f6nnen i. V. m. fehlenden M\u00f6glichkeiten f\u00fcr Frauen zur Familienplanung und Selbstst\u00e4ndigkeit. Es ist sehr schwierig an die Menschen heran zu kommen und sie davon zu \u00fcberzeugen, nicht so viele Kinder zu zeugen. Uwe hat es richtig erkannt bzw. beobachtet, diejenigen die viel ver\u00e4ndern m\u00f6chten, sind die Frauen. <br>\u00dcber das Wenige, was wir hier vor Ort tun konnten, waren die Menschen so dankbar  dass wir fast mit mehr wieder abgereist sind, als wir mitgebracht haben. Wir bekamen eine Ziege, einen Truthahn, ein Huhn und viel Hoffnung und Lebensfreude geschenkt.<br>F\u00fcr die Zukunft gibt es sehr viele Ideen und Tr\u00e4ume und Arbeit. Vor 3 Jahren hatten wir auch viele Tr\u00e4ume und einige davon sind war geworden. Ziel ist es zu versuchen, Bertin und sein Team im I.S.T.D. im Aufbau der Bildung in jeder Hinsicht zu unterst\u00fctzen. Unter anderem wollen wir versuchen, in Bukavu B\u00fccher zu drucken. Die Werkst\u00e4tten m\u00f6chten wir auch gern weiter unterst\u00fctzen, durch N\u00e4hmaschinen und Werkzeug. Aber wir m\u00f6chten auch versuchen die Lehrer weiter auszubilden und sie bei ihren Ideen f\u00fcr praktische Bildungsprojekte zu unterst\u00fctzen.<\/p>\n","protected":false},"excerpt":{"rendered":"<p>Im September 2019 haben wir uns f\u00fcr unser Projekt &#8222;Hujambo Habari&#8220; wieder auf den Weg in die Provinz S\u00fcd-Kivu im Osten der DR Kongo gemacht. Dieses Mal zu viert &#8211; Tine, J\u00f6rg, &#8222;Prof. Dr.&#8220; Uwe der Mechaniker f\u00fcr alle Probleme &hellip; <a href=\"https:\/\/teamll-groenland.de\/?page_id=993\">Weiterlesen <span class=\"meta-nav\">&rarr;<\/span><\/a><\/p>\n","protected":false},"author":1,"featured_media":0,"parent":22,"menu_order":0,"comment_status":"closed","ping_status":"closed","template":"","meta":{"ngg_post_thumbnail":0,"footnotes":""},"class_list":["post-993","page","type-page","status-publish","hentry"],"_links":{"self":[{"href":"https:\/\/teamll-groenland.de\/index.php?rest_route=\/wp\/v2\/pages\/993","targetHints":{"allow":["GET"]}}],"collection":[{"href":"https:\/\/teamll-groenland.de\/index.php?rest_route=\/wp\/v2\/pages"}],"about":[{"href":"https:\/\/teamll-groenland.de\/index.php?rest_route=\/wp\/v2\/types\/page"}],"author":[{"embeddable":true,"href":"https:\/\/teamll-groenland.de\/index.php?rest_route=\/wp\/v2\/users\/1"}],"replies":[{"embeddable":true,"href":"https:\/\/teamll-groenland.de\/index.php?rest_route=%2Fwp%2Fv2%2Fcomments&post=993"}],"version-history":[{"count":9,"href":"https:\/\/teamll-groenland.de\/index.php?rest_route=\/wp\/v2\/pages\/993\/revisions"}],"predecessor-version":[{"id":1047,"href":"https:\/\/teamll-groenland.de\/index.php?rest_route=\/wp\/v2\/pages\/993\/revisions\/1047"}],"up":[{"embeddable":true,"href":"https:\/\/teamll-groenland.de\/index.php?rest_route=\/wp\/v2\/pages\/22"}],"wp:attachment":[{"href":"https:\/\/teamll-groenland.de\/index.php?rest_route=%2Fwp%2Fv2%2Fmedia&parent=993"}],"curies":[{"name":"wp","href":"https:\/\/api.w.org\/{rel}","templated":true}]}}