{"id":285,"date":"2013-01-17T20:56:39","date_gmt":"2013-01-17T19:56:39","guid":{"rendered":"http:\/\/teamll-groenland.de\/?page_id=285"},"modified":"2025-11-11T00:32:18","modified_gmt":"2025-11-10T23:32:18","slug":"ein-wenig-asien-aber-vor-allem-tibet-erleben","status":"publish","type":"page","link":"https:\/\/teamll-groenland.de\/?page_id=285","title":{"rendered":"Ein wenig Asien aber vor allem Tibet erleben 2007"},"content":{"rendered":"<p><strong><span style=\"text-decoration: underline;\"><span style=\"color: #ff0000;\"><a href=\"http:\/\/teamll-groenland.de\/?page_id=289\"><span style=\"color: #ff0000; text-decoration: underline;\">Diashow<\/span><\/a><\/span><\/span><\/strong><\/p>\n<p>Im Sommer 2007 reisten wir durch Asien und fuhren mit der Eisenbahn nach Tibet. Von dort ging es in einem uns fremden System kreuz und quer durchs Land, \u00fcbers Himalaya am Everest Base Camp vorbei nach Nepal.<\/p>\n<p>Es ist zwar anstrengend in dieser H\u00f6he mit dem Rad zu fahren, aber daf\u00fcr sieht man eine fantastische Landschaft. \u00a0Allein die Abfahrt von der Tibetischen Hochebene \u00a0in die W\u00e4lder Nepals ist unvergesslich. \u00a0Aber auch die einzigartigen Menschen, die man auf so einer Reise trifft. Wir lernten nicht nur Nonnen und M\u00f6nche in ihren Kl\u00f6stern, mit einzigartigen Br\u00e4uchen kennen, wie z.B. den \u201eGenuss\u201c von Yakbuttertee, sondern machten auch Bekanntschaften mit einfachen Bauern. Diese gesellten sich einfach zu uns ans Zelt, sa\u00dfen einige Stunden neben uns und waren vom Benzinkocher fasziniert.<\/p>\n","protected":false},"excerpt":{"rendered":"<p>Diashow Im Sommer 2007 reisten wir durch Asien und fuhren mit der Eisenbahn nach Tibet. Von dort ging es in einem uns fremden System kreuz und quer durchs Land, \u00fcbers Himalaya am Everest Base Camp vorbei nach Nepal. Es ist &hellip; <a href=\"https:\/\/teamll-groenland.de\/?page_id=285\">Weiterlesen <span class=\"meta-nav\">&rarr;<\/span><\/a><\/p>\n","protected":false},"author":1,"featured_media":0,"parent":22,"menu_order":0,"comment_status":"closed","ping_status":"closed","template":"","meta":{"ngg_post_thumbnail":0,"footnotes":""},"class_list":["post-285","page","type-page","status-publish","hentry"],"_links":{"self":[{"href":"https:\/\/teamll-groenland.de\/index.php?rest_route=\/wp\/v2\/pages\/285","targetHints":{"allow":["GET"]}}],"collection":[{"href":"https:\/\/teamll-groenland.de\/index.php?rest_route=\/wp\/v2\/pages"}],"about":[{"href":"https:\/\/teamll-groenland.de\/index.php?rest_route=\/wp\/v2\/types\/page"}],"author":[{"embeddable":true,"href":"https:\/\/teamll-groenland.de\/index.php?rest_route=\/wp\/v2\/users\/1"}],"replies":[{"embeddable":true,"href":"https:\/\/teamll-groenland.de\/index.php?rest_route=%2Fwp%2Fv2%2Fcomments&post=285"}],"version-history":[{"count":5,"href":"https:\/\/teamll-groenland.de\/index.php?rest_route=\/wp\/v2\/pages\/285\/revisions"}],"predecessor-version":[{"id":1176,"href":"https:\/\/teamll-groenland.de\/index.php?rest_route=\/wp\/v2\/pages\/285\/revisions\/1176"}],"up":[{"embeddable":true,"href":"https:\/\/teamll-groenland.de\/index.php?rest_route=\/wp\/v2\/pages\/22"}],"wp:attachment":[{"href":"https:\/\/teamll-groenland.de\/index.php?rest_route=%2Fwp%2Fv2%2Fmedia&parent=285"}],"curies":[{"name":"wp","href":"https:\/\/api.w.org\/{rel}","templated":true}]}}