{"id":137,"date":"2013-01-12T16:29:31","date_gmt":"2013-01-12T15:29:31","guid":{"rendered":"http:\/\/teamll-groenland.de\/?page_id=137"},"modified":"2025-11-11T00:32:18","modified_gmt":"2025-11-10T23:32:18","slug":"bewohner-hutte-sorgau","status":"publish","type":"page","link":"https:\/\/teamll-groenland.de\/?page_id=137","title":{"rendered":"Bewohner H\u00fctte Sorgau"},"content":{"rendered":"<p><span style=\"color: #800080;\"><strong>St\u00e4ndige Bewohner H\u00fctte Sorgau:<\/strong><\/span><br \/>\n<strong>Tine Lickert &amp; J\u00f6rg Lehmann &#8222;Team LL&#8220; &amp; Vieh<\/strong><br \/>\n<a href=\"http:\/\/teamll-groenland.de\/wp-content\/uploads\/2013\/01\/P5220238.jpg\"><img loading=\"lazy\" decoding=\"async\" class=\"size-medium wp-image-138 alignleft\" title=\"Tine, J\u00f6rg und Vieh\" src=\"http:\/\/teamll-groenland.de\/wp-content\/uploads\/2013\/01\/P5220238-300x225.jpg\" alt=\"\" width=\"300\" height=\"225\" srcset=\"https:\/\/teamll-groenland.de\/wp-content\/uploads\/2013\/01\/P5220238-300x225.jpg 300w, https:\/\/teamll-groenland.de\/wp-content\/uploads\/2013\/01\/P5220238-1024x768.jpg 1024w, https:\/\/teamll-groenland.de\/wp-content\/uploads\/2013\/01\/P5220238-400x300.jpg 400w\" sizes=\"auto, (max-width: 300px) 100vw, 300px\" \/><\/a><\/p>\n<p>&nbsp;<\/p>\n<p>&nbsp;<\/p>\n<p>&nbsp;<\/p>\n<p>&nbsp;<\/p>\n<p>&nbsp;<\/p>\n<p>&nbsp;<\/p>\n<p><strong><span style=\"color: #800080;\">Urlaubsbetreuer von Haus und Katzen:<\/span><br \/>\nMutti Ingrid und Bernd<br \/>\n<\/strong><\/p>\n<p><a href=\"http:\/\/teamll-groenland.de\/wp-content\/uploads\/2013\/01\/IMG_15811.jpg\"><img loading=\"lazy\" decoding=\"async\" title=\"Mutti Ingrid und Bernd\" src=\"http:\/\/teamll-groenland.de\/wp-content\/uploads\/2013\/01\/IMG_15811-300x225.jpg\" alt=\"\" width=\"300\" height=\"225\" \/><\/a><\/p>\n<p>&nbsp;<\/p>\n<p><strong><strong><span style=\"color: #800080;\">Wochenendbewohner:<\/span><br \/>\n<\/strong>Heiko Fischer<\/strong><br \/>\n<a href=\"http:\/\/teamll-groenland.de\/wp-content\/uploads\/2013\/01\/DSCN1062.jpg\"><img loading=\"lazy\" decoding=\"async\" title=\"Heiko\" src=\"http:\/\/teamll-groenland.de\/wp-content\/uploads\/2013\/01\/DSCN1062-300x225.jpg\" alt=\"\" width=\"300\" height=\"225\" \/><\/a><\/p>\n<p>&nbsp;<\/p>\n<p>&nbsp;<\/p>\n","protected":false},"excerpt":{"rendered":"<p>St\u00e4ndige Bewohner H\u00fctte Sorgau: Tine Lickert &amp; J\u00f6rg Lehmann &#8222;Team LL&#8220; &amp; Vieh &nbsp; &nbsp; &nbsp; &nbsp; &nbsp; &nbsp; Urlaubsbetreuer von Haus und Katzen: Mutti Ingrid und Bernd &nbsp; Wochenendbewohner: Heiko Fischer &nbsp; &nbsp;<\/p>\n","protected":false},"author":1,"featured_media":0,"parent":57,"menu_order":0,"comment_status":"closed","ping_status":"closed","template":"","meta":{"ngg_post_thumbnail":0,"footnotes":""},"class_list":["post-137","page","type-page","status-publish","hentry"],"_links":{"self":[{"href":"https:\/\/teamll-groenland.de\/index.php?rest_route=\/wp\/v2\/pages\/137","targetHints":{"allow":["GET"]}}],"collection":[{"href":"https:\/\/teamll-groenland.de\/index.php?rest_route=\/wp\/v2\/pages"}],"about":[{"href":"https:\/\/teamll-groenland.de\/index.php?rest_route=\/wp\/v2\/types\/page"}],"author":[{"embeddable":true,"href":"https:\/\/teamll-groenland.de\/index.php?rest_route=\/wp\/v2\/users\/1"}],"replies":[{"embeddable":true,"href":"https:\/\/teamll-groenland.de\/index.php?rest_route=%2Fwp%2Fv2%2Fcomments&post=137"}],"version-history":[{"count":5,"href":"https:\/\/teamll-groenland.de\/index.php?rest_route=\/wp\/v2\/pages\/137\/revisions"}],"predecessor-version":[{"id":618,"href":"https:\/\/teamll-groenland.de\/index.php?rest_route=\/wp\/v2\/pages\/137\/revisions\/618"}],"up":[{"embeddable":true,"href":"https:\/\/teamll-groenland.de\/index.php?rest_route=\/wp\/v2\/pages\/57"}],"wp:attachment":[{"href":"https:\/\/teamll-groenland.de\/index.php?rest_route=%2Fwp%2Fv2%2Fmedia&parent=137"}],"curies":[{"name":"wp","href":"https:\/\/api.w.org\/{rel}","templated":true}]}}