{"id":1117,"date":"2022-11-02T19:18:18","date_gmt":"2022-11-02T18:18:18","guid":{"rendered":"http:\/\/teamll-groenland.de\/?page_id=1117"},"modified":"2025-11-11T00:46:54","modified_gmt":"2025-11-10T23:46:54","slug":"auf-umwegen-ins-everest-gebiet-zur-spendenverteilung","status":"publish","type":"page","link":"https:\/\/teamll-groenland.de\/?page_id=1117","title":{"rendered":"\u201eAuf Umwegen ins Everest-Gebiet zur Spendenverteilung\u201c"},"content":{"rendered":"\n<p>Im Herbst 2015 reisten wir in einer Gruppe von 5 Freunden nach Tumlingtar in den S\u00fcdosten Nepals. Unseren Plan &#8211; auf dem R\u00fccken der Drahtesel nach Benkar ins Everest-Gebiet zu fahren \u2013 mussten wir im dichten Bergregenwald schnell \u00e4ndern. Mit dem Rad auf dem R\u00fccken und dank der Hilfe der Einheimischen erlebten wir eine einmalige Tour abseits der bekannten Wege. Im Everest-Gebiet konnten wir die in Deutschland gesammelten Spenden f\u00fcr den Wiederaufbau nach den Erdbeben im Fr\u00fchjahr 2015 \u00fcberbringen. Es ist erstaunlich, wie gastfreundlich und lebensfroh die Menschen sind, obwohl sie so viel verloren haben.<\/p>\n\n\n\n<p class=\"has-medium-font-size\"><strong><a href=\"http:\/\/teamll-groenland.de\/?page_id=791\" data-type=\"URL\" data-id=\"http:\/\/teamll-groenland.de\/?page_id=791\"><span style=\"text-decoration: underline;\">Diashow Nepal<\/span><\/a><\/strong><\/p>\n\n\n","protected":false},"excerpt":{"rendered":"<p>Im Herbst 2015 reisten wir in einer Gruppe von 5 Freunden nach Tumlingtar in den S\u00fcdosten Nepals. Unseren Plan &#8211; auf dem R\u00fccken der Drahtesel nach Benkar ins Everest-Gebiet zu fahren \u2013 mussten wir im dichten Bergregenwald schnell \u00e4ndern. Mit &hellip; <a href=\"https:\/\/teamll-groenland.de\/?page_id=1117\">Weiterlesen <span class=\"meta-nav\">&rarr;<\/span><\/a><\/p>\n","protected":false},"author":1,"featured_media":0,"parent":22,"menu_order":0,"comment_status":"closed","ping_status":"closed","template":"","meta":{"ngg_post_thumbnail":0,"footnotes":""},"class_list":["post-1117","page","type-page","status-publish","hentry"],"_links":{"self":[{"href":"https:\/\/teamll-groenland.de\/index.php?rest_route=\/wp\/v2\/pages\/1117","targetHints":{"allow":["GET"]}}],"collection":[{"href":"https:\/\/teamll-groenland.de\/index.php?rest_route=\/wp\/v2\/pages"}],"about":[{"href":"https:\/\/teamll-groenland.de\/index.php?rest_route=\/wp\/v2\/types\/page"}],"author":[{"embeddable":true,"href":"https:\/\/teamll-groenland.de\/index.php?rest_route=\/wp\/v2\/users\/1"}],"replies":[{"embeddable":true,"href":"https:\/\/teamll-groenland.de\/index.php?rest_route=%2Fwp%2Fv2%2Fcomments&post=1117"}],"version-history":[{"count":5,"href":"https:\/\/teamll-groenland.de\/index.php?rest_route=\/wp\/v2\/pages\/1117\/revisions"}],"predecessor-version":[{"id":1148,"href":"https:\/\/teamll-groenland.de\/index.php?rest_route=\/wp\/v2\/pages\/1117\/revisions\/1148"}],"up":[{"embeddable":true,"href":"https:\/\/teamll-groenland.de\/index.php?rest_route=\/wp\/v2\/pages\/22"}],"wp:attachment":[{"href":"https:\/\/teamll-groenland.de\/index.php?rest_route=%2Fwp%2Fv2%2Fmedia&parent=1117"}],"curies":[{"name":"wp","href":"https:\/\/api.w.org\/{rel}","templated":true}]}}